ive of y**5/10 - 5*y**4/12 + y**3/2 - 3*y**2/2 - 2*y. Let u be ((-611)/(-52) + -14)*-4 + -6. What is i(u)?
15
Let b(k) = 8 - k + 0 + 1 - 10. Let z be ((-26)/6 - 2) + 20/15. Calculate b(z).
4
Let j(l) = -l + 19. Let o = -542 + 542. Suppose o = -29*z + 54*z - 425. Determine j(z).
2
Suppose -2*i - 1 = -j, j - 4*j = 15. Let d(a) = -4 - 2*a - 3*a - 1365*a**3 - 1186*a**3 + 2550*a**3 - 5*a**2. What is d(i)?
-7
Suppose -15*u + 20*u = 10. Let q be u/4 + 95/10 + 0. Let z(t) = -15*t - 3*t**2 + 20*t**2 + q*t + 6*t. Determine z(-1).
16
Let d(l) = -l**2 - 2*l. Let w be (-8)/16 - (-39)/6. Suppose w*o + 243 = -45. Let k = 43 + o. What is d(k)?
-15
Let t(n) be the third derivative of -n**5/30 + 3*n**4/2 + 7*n**3/6 - 48*n**2 - 12. Determine t(18).
7
Let k = 2706 + -2696. Let a(t) = -4*t + 22. Calculate a(k).
-18
Let l(g) = -g**3 - 7*g**2 - 8*g - 1. Let r be ((-17)/2)/(6/(-113 - -5)). Let x = -27 + r. Suppose v = -132 + x. Determine l(v).
11
Let b(n) = n**3 + 77*n**2 - 81*n - 212. Let g be b(-78). Let r(s) = -6*s + 93. Give r(g).
-39
Let m = -212 + 77. Let t = m + 143. Let x(y) = y**2 - 9*y + 11. What is x(t)?
3
Let n(w) be the first derivative of -8*w**3/3 - w**2/2 + 6*w + 2172. Determine n(0).
6
Suppose -s + 125 = 5*c, -c + 2*c - 241 = -2*s. Let b be (496/s - -5) + (-2)/15. Let k(f) = f**2 - 9*f + 2. Determine k(b).
2
Let q(z) be the third derivative of z**6/360 - z**5/60 - z**4/24 - 37*z**3/3 - 7*z**2. Let r(s) be the first derivative of q(s). Determine r(2).
-1
Let o(z) = z + 65371*z**2 + z - 65370*z**2. Let y(a) = -a**2 - 8*a + 7. Let w be y(-8). Let x = 9 - w. Give o(x).
8
Let y(l) = 10*l + 1. Let n be (-3 - 0) + (1 - 1). Let i(b) = -9*b - 1. Let k(a) = n*y(a) - 4*i(a). Suppose 2*w = 4*s + 146 - 142, 5*w + 2 = 4*s. What is k(w)?
-11
Let t(q) = 2*q + 57. Let s be ((-792)/70 - (-42)/(-147))/(2/5). What is t(s)?
-1
Let o(k) = 2*k**2 + 15*k - 135. Let n be o(5). Let s(q) = -q**2 - 11*q - 2. What is s(n)?
8
Let j be (-11 + 1 - -9)*3/1. Let y(g) = -21*g - 38. What is y(j)?
25
Let n(y) = 16*y**2 - y. Suppose -39 = 3*r + 3*t, -3*r - r + t = 37. Let i be (-44)/110 + (-14)/r. Calculate n(i).
15
Suppose 58*k - 79*k = -651. Suppose 14*z - 68 = k*z. Let o(q) = -4 + 0*q - 1 - 5*q. What is o(z)?
15
Let z(v) = 6*v + 3. Let c(x) = -3*x - 2. Let s(l) = -11*c(l) - 6*z(l). Suppose -5*d + 4*b - 6*b + 13 = 0, 0 = -d - 3*b. What is s(d)?
-5
Let z(v) be the first derivative of 9*v**2/2 + v - 8. Suppose -5*k - 3*x = -14, k - x + 1 = 7. Suppose -3*h - h = -k, 3*p = h + 2. Give z(p).
10
Let v(i) be the second derivative of -i**3/6 + 2*i**2 - 28*i + 22. Suppose 28 = -6*z - 44. Determine v(z).
16
Let d(z) be the third derivative of z**6/120 + z**5/6 - z**4/12 - 2*z**3/3 - 29*z**2. Let l be d(-10). Let r(w) = -l*w - 7*w + 18*w - 1. What is r(-5)?
24
Let y(k) = k**3 + 13 + 13 - 30 - k + 3*k**2. Let u = -11 - -7. Calculate y(u).
-16
Let y(d) be the first derivative of d**4/4 - 4*d**3/3 - 5*d**2/2 - 3*d + 69. Let v = -488 + 493. Determine y(v).
-3
Let a(w) be the second derivative of -w**5/10 + 7*w**4/12 + 17*w**3/6 - 5*w**2/2 - 20*w + 13. Determine a(5).
5
Let u(x) = -x**3 - 4*x**2 + 7*x + 2. Suppose 0 = 2*t + 3*t - 10. Let j be 378/(-98) - t/14. Let q be 6/j + 63/(-18). Give u(q).
-8
Let j = 5 - 1. Let i(d) = -2*d**2 - 1 - 3*d**3 + 2*d**3 - 11*d - 3*d + 13*d. Let s(y) = 3*y**3 + 3*y**2 + 4*y + 2. Let u(x) = 5*i(x) + 2*s(x). Give u(j).
11
Let m = 136 - 133. Let k(c) = 3 - m*c - 17*c + 0*c. Determine k(2).
-37
Suppose -6*u = -17*u - 473. Let s = u + 46. Let b(z) = 7*z. Give b(s).
21
Suppose -2*m = -5*m. Let k(t) = -2*t - 1. Let f(g) = -13*g - 1. Let z(y) = -f(y) + 6*k(y). Determine z(m).
-5
Let u = -29 - -21. Let x(g) be the second derivative of 4*g**2 + 1/12*g**4 + 3/2*g**3 + 30*g - 2. What is x(u)?
0
Let p(f) = f**2 - 3*f - 9. Suppose -53*n = -71*n. Suppose -4*w + 3*t + 33 = 4*t, n = -4*w + 2*t + 30. Determine p(w).
31
Let u(w) be the third derivative of 7*w**6/720 + w**5/120 + 19*w**4/8 - 34*w**2. Let j(l) be the second derivative of u(l). What is j(-2)?
-13
Let l(s) = -s**3 + 15*s**2 + 15*s + 10. Suppose 199 = -n + 783. Let v be n/36 + 10/(-45). Calculate l(v).
-6
Let w(p) be the first derivative of p**4/4 + 7*p**3/3 + 9*p**2/2 + p - 2. Let i(u) = -2*u**3 + 78*u**2 - 745*u - 72. Let d be i(22). Calculate w(d).
-17
Suppose 0 = -33*l + 36*l - 9. Let j(t) = -4*t**2 - 1 + 5*t**3 + 2*t + 6*t**2 + 6*t**2 - 5*t**2 - 6*t**3. Calculate j(l).
5
Let m(a) = 63 + 5*a - 11 - 14 - 36 - 4*a. Let i be (1/(-3))/((-5)/30). Give m(i).
4
Let h(i) be the first derivative of -i + 1/3*i**3 + 13 + 1/2*i**2. Calculate h(3).
11
Let v(w) be the second derivative of -w**3/3 + 7*w**2/2 + w. Let j(u) = 26*u - 5. Let p be j(1). Suppose p*k - 104 = 22. Determine v(k).
-5
Let w be 6/15 + 202/(-5). Suppose -3 = 4*k - 191. Let l = w + k. Let y(u) = u**2 - 8*u + 4. What is y(l)?
-3
Let b(z) be the second derivative of 7*z**4/12 - z**3/2 + z**2 - 4*z. Let g(x) = -7*x - 300. Let m be g(-43). What is b(m)?
6
Let q(m) = 0*m - 3 + 2*m**2 - 4*m**2 + 6*m. Let f = -317 + 352. Suppose -f*b = -34*b - 4. Determine q(b).
-11
Let f(l) = 6*l + 45. Let m be f(31). Let i = m - 235. Let n(z) = -z**2 - 6*z - 1. Give n(i).
7
Let z(f) = 12*f + 260. Let q(s) = 36*s + 410. Let m be q(-12). Calculate z(m).
-4
Let z(i) = -i**2 - 64*i - 341. Let g be z(-6). Let b(m) = -3*m - m + 5 + 3. Determine b(g).
-20
Let o = 1545 - 1551. Let w(y) be the first derivative of -y**4/4 - 7*y**3/3 - 4*y**2 - 7*y - 3. Determine w(o).
5
Let s(u) be the first derivative of 3*u**4/4 + 2*u**3/3 + u**2/2 - 5*u - 1347. Determine s(2).
29
Let s(c) = 4*c**2 - 5*c + 4. Let f(n) = -4*n**2 + 6*n - 5. Let u(z) = 3*f(z) + 4*s(z). Suppose -78 = -14*v + 8*v. Suppose -v*y + 19 = -7. Determine u(y).
13
Suppose 80*i - 84*i - 24 = 4. Let s(d) = -4*d + 4 - 5 + 7*d + 4. Give s(i).
-18
Let r(q) = 45*q - 6. Let a = -9014 - -9014. What is r(a)?
-6
Let y(b) = 11 + 2*b**2 + 156*b - 152*b + 14 - 9. What is y(-4)?
32
Let i(y) = -2*y**3 + 12*y**2 - 15*y + 15. Let s(w) = 2*w**3 - 14*w**2 + 15*w - 14. Let u(g) = 3*i(g) + 4*s(g). What is u(9)?
-38
Let j(h) = 6 - 1949*h + 5840*h - 1938*h - 1954*h. Suppose 37 - 5 = x + 5*n, n = x - 2. Calculate j(x).
-1
Let s(q) = -q**3 + 2*q**2 + 5*q - 4. Suppose -99*r + 96*r = -45. Suppose -v = -6*v + r. Calculate s(v).
2
Let c(s) be the third derivative of 5*s**2 - 7/6*s**3 + s + 0 - 1/12*s**4. Give c(-5).
3
Let z(x) = -x**2 - 33*x - 55. Let l be z(-31). Let g(n) = 14*n**2 - 99*n + 8. Calculate g(l).
1
Let l(h) be the first derivative of 2*h**2 + 8*h - 59. Let v(t) = -2*t - 3. Let o(x) = 2*l(x) + 5*v(x). Determine o(7).
-13
Let t(v) = -21*v**2 - 3*v - 40. Let b(n) = 7*n**2 + n + 14. Let r(y) = -23*b(y) - 8*t(y). Let g = -4 - -2. Give r(g).
24
Suppose -66*m = 63*m - 645. Let k(z) be the third derivative of 0*z + 0 + 1/60*z**m + 3/2*z**3 - 12*z**2 + 1/3*z**4. Determine k(-7).
2
Let u be 2 - (2 + 0/(-13)). Let h(z) be the third derivative of 2/3*z**3 + 4*z**2 - 1/6*z**4 + 0 + u*z. Determine h(6).
-20
Let r(o) = o**2 + 10*o - 16. Let f(p) = -3*p**3 - 34*p**2 - 40*p - 12. Let x be (-35)/(-1 - -6) - (0 + 3). Let v be f(x). Calculate r(v).
8
Let v(d) be the first derivative of -5*d + 5 + 1/2*d**2. Give v(3).
-2
Suppose -2*w - 2*w = -w. Suppose v - 15 + 1 = w. Suppose -z + 3*c + 0*c = v, 3*z = -4*c - 3. Let b(k) = -2*k + 1. What is b(z)?
11
Suppose 980 = -67*u + 63*u. Let t = -245 - u. Let r(g) = g**2 + 21. Calculate r(t).
21
Suppose 3*k - 5*o - 11 = 0, -2*k = -3*o - 18 + 10. Let g(h) = -13*h + 10. Determine g(k).
-81
Let r(a) = -a**3 + 5*a**2 - 4*a + 12. Suppose -2 = 9*o - 47. Determine r(o).
-8
Let v = 457 - 448. Let w(p) = -9*p**3 + p + 0*p - 3 + 1 - 6 + v. Suppose -16 = -4*g - 4*o, -5*g = -0*o - 2*o + 15. Give w(g).
9
Let t(g) = 49*g - 30. Let l(q) = -23*q + 4. Let d(u) = 9*l(u) + 4*t(u). Give d(-6).
-18
Suppose u + 3*l + 7 + 36 = 0, -5*u - 135 = -l. Let z be u/16 + 1/(-4) + -3. Let p(j) be the first derivative of -j**3/3 - 2*j**2 - j + 2. Determine p(z).
-6
Let f be (-15)/(-20) - (-207)/276. Let j(t) be the second derivative of t**3 + 7/12*t**4 - 1/20*t**5 + 0 + 37*t + f*t**2. What is j(8)?
-13
Let m be (65/650)/(1/10). Let d(b) = -106*b + 2. Determine d(m).
-104
Let a(s) = -s**2 - 14*s + 14. Suppose -c - 6 = 3*p, -128*p = -5*c - 126*p - 81. What is a(c)?
-1
